{"id":418,"date":"2022-03-30T19:41:47","date_gmt":"2022-03-30T19:41:47","guid":{"rendered":"http:\/\/www.perspicio.cz\/?page_id=418"},"modified":"2022-07-18T10:45:08","modified_gmt":"2022-07-18T08:45:08","slug":"about","status":"publish","type":"page","link":"https:\/\/www.perspicio.cz\/?page_id=418","title":{"rendered":"O N\u00c1S"},"content":{"rendered":"\t\t<div data-elementor-type=\"wp-page\" data-elementor-id=\"418\" class=\"elementor elementor-418\">\n\t\t\t\t\t\t\t\t\t<section class=\"elementor-section elementor-top-section elementor-element elementor-element-1d348707 elementor-section-full_width elementor-section-height-default elementor-section-height-default\" data-id=\"1d348707\" data-element_type=\"section\">\n\t\t\t\t\t\t<div class=\"elementor-container elementor-column-gap-no\">\n\t\t\t\t\t<div class=\"elementor-column elementor-col-100 elementor-top-column elementor-element elementor-element-57a45291\" data-id=\"57a45291\" data-element_type=\"column\" data-settings=\"{&quot;background_background&quot;:&quot;classic&quot;}\">\n\t\t\t<div class=\"elementor-widget-wrap elementor-element-populated\">\n\t\t\t\t\t\t\t\t<section class=\"elementor-section elementor-inner-section elementor-element elementor-element-50370df1 elementor-section-full_width elementor-section-height-default elementor-section-height-default\" data-id=\"50370df1\" data-element_type=\"section\">\n\t\t\t\t\t\t<div class=\"elementor-container elementor-column-gap-no\">\n\t\t\t\t\t<div class=\"elementor-column elementor-col-100 elementor-inner-column elementor-element elementor-element-4fa667ab\" data-id=\"4fa667ab\" data-element_type=\"column\">\n\t\t\t<div class=\"elementor-widget-wrap elementor-element-populated\">\n\t\t\t\t\t\t\t\t<div class=\"elementor-element elementor-element-3ba77bf7 elementor-widget elementor-widget-heading\" data-id=\"3ba77bf7\" data-element_type=\"widget\" data-widget_type=\"heading.default\">\n\t\t\t\t<div class=\"elementor-widget-container\">\n\t\t\t<style>\/*! elementor - v3.6.6 - 08-06-2022 *\/\n.elementor-heading-title{padding:0;margin:0;line-height:1}.elementor-widget-heading .elementor-heading-title[class*=elementor-size-]>a{color:inherit;font-size:inherit;line-height:inherit}.elementor-widget-heading .elementor-heading-title.elementor-size-small{font-size:15px}.elementor-widget-heading .elementor-heading-title.elementor-size-medium{font-size:19px}.elementor-widget-heading .elementor-heading-title.elementor-size-large{font-size:29px}.elementor-widget-heading .elementor-heading-title.elementor-size-xl{font-size:39px}.elementor-widget-heading .elementor-heading-title.elementor-size-xxl{font-size:59px}<\/style><h2 class=\"elementor-heading-title elementor-size-default\">Na\u0161e komunita<\/h2>\t\t<\/div>\n\t\t\t\t<\/div>\n\t\t\t\t<div class=\"elementor-element elementor-element-123a097c elementor-widget elementor-widget-text-editor\" data-id=\"123a097c\" data-element_type=\"widget\" data-widget_type=\"text-editor.default\">\n\t\t\t\t<div class=\"elementor-widget-container\">\n\t\t\t<style>\/*! elementor - v3.6.6 - 08-06-2022 *\/\n.elementor-widget-text-editor.elementor-drop-cap-view-stacked .elementor-drop-cap{background-color:#818a91;color:#fff}.elementor-widget-text-editor.elementor-drop-cap-view-framed .elementor-drop-cap{color:#818a91;border:3px solid;background-color:transparent}.elementor-widget-text-editor:not(.elementor-drop-cap-view-default) .elementor-drop-cap{margin-top:8px}.elementor-widget-text-editor:not(.elementor-drop-cap-view-default) .elementor-drop-cap-letter{width:1em;height:1em}.elementor-widget-text-editor .elementor-drop-cap{float:left;text-align:center;line-height:1;font-size:50px}.elementor-widget-text-editor .elementor-drop-cap-letter{display:inline-block}<\/style>\t\t\t\t<p>Jsme spolek Perspicio, z.s., kter\u00fd vznikl za \u00fa\u010delem vybudov\u00e1n\u00ed Adapta\u010dn\u00edho centra Kon\u011bprusy. Na projektu se aktu\u00e1ln\u011b pod\u00edl\u00ed 19 \u010dlen\u016f. Jedn\u00e1 se o aktivn\u00ed komunitu ob\u010dan\u016f Kon\u011bprus a B\u00edtova, kter\u00fdm nen\u00ed sou\u010dasn\u00e1 situace lhostejn\u00e1, a kte\u0159\u00ed cht\u011bj\u00ed, i p\u0159es ve\u0161ker\u00e9 sv\u00e9 vlastn\u00ed starosti a povinnosti, pomoci t\u011bm nejv\u00edc zraniteln\u00fdm, a to d\u011btem.<\/p>\t\t\t\t\t\t<\/div>\n\t\t\t\t<\/div>\n\t\t\t\t<div class=\"elementor-element elementor-element-2f80ec86 elementor-widget elementor-widget-text-editor\" data-id=\"2f80ec86\" data-element_type=\"widget\" data-widget_type=\"text-editor.default\">\n\t\t\t\t<div class=\"elementor-widget-container\">\n\t\t\t\t\t\t\t<p>Na\u0161i spolkovou \u010dinnost do budoucna pl\u00e1nujeme roz\u0161\u00ed\u0159it o celou \u0161k\u00e1lu projekt\u016f, kter\u00fdmi bychom r\u00e1di podporovali aktivn\u00ed a kulturn\u00ed \u017eivot v na\u0161ich obc\u00edch.<\/p>\t\t\t\t\t\t<\/div>\n\t\t\t\t<\/div>\n\t\t\t\t<div class=\"elementor-element elementor-element-a1a5902 elementor-widget elementor-widget-image\" data-id=\"a1a5902\" data-element_type=\"widget\" data-widget_type=\"image.default\">\n\t\t\t\t<div class=\"elementor-widget-container\">\n\t\t\t<style>\/*! elementor - v3.6.6 - 08-06-2022 *\/\n.elementor-widget-image{text-align:center}.elementor-widget-image a{display:inline-block}.elementor-widget-image a img[src$=\".svg\"]{width:48px}.elementor-widget-image img{vertical-align:middle;display:inline-block}<\/style>\t\t\t\t\t\t\t\t\t\t\t\t<img loading=\"lazy\" decoding=\"async\" width=\"800\" height=\"599\" src=\"https:\/\/www.perspicio.cz\/wp-content\/uploads\/2022\/07\/IMG-20220713-WA0010-1024x767.jpg\" class=\"attachment-large size-large\" alt=\"\" srcset=\"https:\/\/www.perspicio.cz\/wp-content\/uploads\/2022\/07\/IMG-20220713-WA0010-1024x767.jpg 1024w, https:\/\/www.perspicio.cz\/wp-content\/uploads\/2022\/07\/IMG-20220713-WA0010-300x225.jpg 300w, https:\/\/www.perspicio.cz\/wp-content\/uploads\/2022\/07\/IMG-20220713-WA0010-768x575.jpg 768w, https:\/\/www.perspicio.cz\/wp-content\/uploads\/2022\/07\/IMG-20220713-WA0010.jpg 1440w\" sizes=\"auto, (max-width: 800px) 100vw, 800px\" \/>\t\t\t\t\t\t\t\t\t\t\t\t\t\t\t<\/div>\n\t\t\t\t<\/div>\n\t\t\t\t\t<\/div>\n\t\t<\/div>\n\t\t\t\t\t\t\t<\/div>\n\t\t<\/section>\n\t\t\t\t<div class=\"elementor-element elementor-element-6afa40ac elementor-widget__width-initial elementor-absolute elementor-widget-tablet__width-initial elementor-widget-mobile__width-initial elementor-widget elementor-widget-spacer\" data-id=\"6afa40ac\" data-element_type=\"widget\" data-settings=\"{&quot;_position&quot;:&quot;absolute&quot;}\" data-widget_type=\"spacer.default\">\n\t\t\t\t<div class=\"elementor-widget-container\">\n\t\t\t<style>\/*! elementor - v3.6.6 - 08-06-2022 *\/\n.e-container.e-container--row .elementor-spacer-inner{width:var(--spacer-size)}.e-container.e-container--column .elementor-spacer-inner,.elementor-column .elementor-spacer-inner{height:var(--spacer-size)}<\/style>\t\t<div class=\"elementor-spacer\">\n\t\t\t<div class=\"elementor-spacer-inner\"><\/div>\n\t\t<\/div>\n\t\t\t\t<\/div>\n\t\t\t\t<\/div>\n\t\t\t\t\t<\/div>\n\t\t<\/div>\n\t\t\t\t\t\t\t<\/div>\n\t\t<\/section>\n\t\t\t\t\t\t\t<\/div>\n\t\t","protected":false},"excerpt":{"rendered":"<p>Na\u0161e komunita Jsme spolek Perspicio, z.s., kter\u00fd vznikl za \u00fa\u010delem vybudov\u00e1n\u00ed Adapta\u010dn\u00edho centra Kon\u011bprusy. Na projektu se aktu\u00e1ln\u011b pod\u00edl\u00ed 19 \u010dlen\u016f. Jedn\u00e1 se o aktivn\u00ed komunitu ob\u010dan\u016f Kon\u011bprus a B\u00edtova, kter\u00fdm nen\u00ed sou\u010dasn\u00e1 situace lhostejn\u00e1, a kte\u0159\u00ed cht\u011bj\u00ed, i p\u0159es ve\u0161ker\u00e9 sv\u00e9 vlastn\u00ed starosti a povinnosti, pomoci t\u011bm nejv\u00edc zraniteln\u00fdm, a to d\u011btem. Na\u0161i spolkovou [&hellip;]<\/p>\n","protected":false},"author":1,"featured_media":566,"parent":0,"menu_order":0,"comment_status":"closed","ping_status":"closed","template":"elementor_header_footer","meta":{"footnotes":""},"class_list":["post-418","page","type-page","status-publish","has-post-thumbnail","hentry"],"_links":{"self":[{"href":"https:\/\/www.perspicio.cz\/index.php?rest_route=\/wp\/v2\/pages\/418","targetHints":{"allow":["GET"]}}],"collection":[{"href":"https:\/\/www.perspicio.cz\/index.php?rest_route=\/wp\/v2\/pages"}],"about":[{"href":"https:\/\/www.perspicio.cz\/index.php?rest_route=\/wp\/v2\/types\/page"}],"author":[{"embeddable":true,"href":"https:\/\/www.perspicio.cz\/index.php?rest_route=\/wp\/v2\/users\/1"}],"replies":[{"embeddable":true,"href":"https:\/\/www.perspicio.cz\/index.php?rest_route=%2Fwp%2Fv2%2Fcomments&post=418"}],"version-history":[{"count":15,"href":"https:\/\/www.perspicio.cz\/index.php?rest_route=\/wp\/v2\/pages\/418\/revisions"}],"predecessor-version":[{"id":643,"href":"https:\/\/www.perspicio.cz\/index.php?rest_route=\/wp\/v2\/pages\/418\/revisions\/643"}],"wp:featuredmedia":[{"embeddable":true,"href":"https:\/\/www.perspicio.cz\/index.php?rest_route=\/wp\/v2\/media\/566"}],"wp:attachment":[{"href":"https:\/\/www.perspicio.cz\/index.php?rest_route=%2Fwp%2Fv2%2Fmedia&parent=418"}],"curies":[{"name":"wp","href":"https:\/\/api.w.org\/{rel}","templated":true}]}}