{"id":649,"date":"2022-08-02T10:22:23","date_gmt":"2022-08-02T08:22:23","guid":{"rendered":"https:\/\/www.perspicio.cz\/?page_id=649"},"modified":"2022-08-02T11:44:18","modified_gmt":"2022-08-02T09:44:18","slug":"podekovani","status":"publish","type":"page","link":"https:\/\/www.perspicio.cz\/?page_id=649","title":{"rendered":"POD\u011aKOV\u00c1N\u00cd"},"content":{"rendered":"\t\t<div data-elementor-type=\"wp-page\" data-elementor-id=\"649\" class=\"elementor elementor-649\">\n\t\t\t\t\t\t\t\t\t<section class=\"elementor-section elementor-top-section elementor-element elementor-element-224e1df elementor-section-boxed elementor-section-height-default elementor-section-height-default\" data-id=\"224e1df\" data-element_type=\"section\">\n\t\t\t\t\t\t<div class=\"elementor-container elementor-column-gap-default\">\n\t\t\t\t\t<div class=\"elementor-column elementor-col-100 elementor-top-column elementor-element elementor-element-aafc1cf\" data-id=\"aafc1cf\" data-element_type=\"column\">\n\t\t\t<div class=\"elementor-widget-wrap elementor-element-populated\">\n\t\t\t\t\t\t\t\t<div class=\"elementor-element elementor-element-ffa3940 elementor-widget elementor-widget-heading\" data-id=\"ffa3940\" data-element_type=\"widget\" data-widget_type=\"heading.default\">\n\t\t\t\t<div class=\"elementor-widget-container\">\n\t\t\t<style>\/*! elementor - v3.6.6 - 08-06-2022 *\/\n.elementor-heading-title{padding:0;margin:0;line-height:1}.elementor-widget-heading .elementor-heading-title[class*=elementor-size-]>a{color:inherit;font-size:inherit;line-height:inherit}.elementor-widget-heading .elementor-heading-title.elementor-size-small{font-size:15px}.elementor-widget-heading .elementor-heading-title.elementor-size-medium{font-size:19px}.elementor-widget-heading .elementor-heading-title.elementor-size-large{font-size:29px}.elementor-widget-heading .elementor-heading-title.elementor-size-xl{font-size:39px}.elementor-widget-heading .elementor-heading-title.elementor-size-xxl{font-size:59px}<\/style><h2 class=\"elementor-heading-title elementor-size-medium\">Adapta\u010dn\u00ed centrum pro ukrajinsk\u00e9 d\u011bti<\/h2>\t\t<\/div>\n\t\t\t\t<\/div>\n\t\t\t\t<div class=\"elementor-element elementor-element-fef709e elementor-widget elementor-widget-text-editor\" data-id=\"fef709e\" data-element_type=\"widget\" data-widget_type=\"text-editor.default\">\n\t\t\t\t<div class=\"elementor-widget-container\">\n\t\t\t<style>\/*! elementor - v3.6.6 - 08-06-2022 *\/\n.elementor-widget-text-editor.elementor-drop-cap-view-stacked .elementor-drop-cap{background-color:#818a91;color:#fff}.elementor-widget-text-editor.elementor-drop-cap-view-framed .elementor-drop-cap{color:#818a91;border:3px solid;background-color:transparent}.elementor-widget-text-editor:not(.elementor-drop-cap-view-default) .elementor-drop-cap{margin-top:8px}.elementor-widget-text-editor:not(.elementor-drop-cap-view-default) .elementor-drop-cap-letter{width:1em;height:1em}.elementor-widget-text-editor .elementor-drop-cap{float:left;text-align:center;line-height:1;font-size:50px}.elementor-widget-text-editor .elementor-drop-cap-letter{display:inline-block}<\/style>\t\t\t\t<p>Tento projekt prob\u00edh\u00e1 d\u00edky n\u011bkolika subjekt\u016fm, bez kter\u00fdch by to prost\u011b ne\u0161lo. Na\u0161i \u010dlenov\u00e9 spolku odvedli a st\u00e1le odv\u00e1d\u011bj\u00ed spousty pr\u00e1ce, aby byl projekt \u017eivotaschopn\u00fd a to bez n\u00e1rok\u016f na honor\u00e1\u0159. Tak\u017ee prvn\u00ed pod\u011bkov\u00e1n\u00ed pat\u0159\u00ed jim. A to druh\u00e9 je pro na\u0161e partnery a sponzory.\u00a0 D\u011bkujeme \u010clov\u011bku v t\u00edsni, na\u0161emu hlavn\u00edmu partnerovi projektu za vst\u0159\u00edcnost a ochotnu do toho s n\u00e1mi j\u00edt. Nadaci Tipsport za finan\u010dn\u00ed p\u0159\u00edsp\u011bvek a jejich p\u0159\u00edstup v poskytov\u00e1n\u00ed pomoci d\u016fle\u017eit\u00fdm projekt\u016fm na Berounsku. Obci Kon\u011bprusy velk\u00fd d\u00edk za poskytnut\u00ed prostor a podporu na\u0161\u00ed my\u0161lenky. D\u00e1le pod\u011bkov\u00e1n\u00ed velk\u00fdm srdca\u0159\u016fm na Ho\u0159ovick\u00e9m leti\u0161ti, kte\u0159\u00ed nev\u00e1hali a p\u0159isp\u011bli na na\u0161i v\u011bci.\u00a0 A d\u00e1le pod\u011bkov\u00e1n\u00ed spole\u010dnosti\u00a0 CGI Metropole, s. r. o. a dal\u0161\u00edm men\u0161\u00edm p\u0159isp\u011bvovatel\u016fm.<\/p>\t\t\t\t\t\t<\/div>\n\t\t\t\t<\/div>\n\t\t\t\t<div class=\"elementor-element elementor-element-ef0432c elementor-arrows-position-inside elementor-pagination-position-outside elementor-widget elementor-widget-image-carousel\" data-id=\"ef0432c\" data-element_type=\"widget\" data-settings=\"{&quot;autoplay_speed&quot;:2500,&quot;speed&quot;:300,&quot;navigation&quot;:&quot;both&quot;,&quot;autoplay&quot;:&quot;yes&quot;,&quot;pause_on_hover&quot;:&quot;yes&quot;,&quot;pause_on_interaction&quot;:&quot;yes&quot;,&quot;infinite&quot;:&quot;yes&quot;}\" data-widget_type=\"image-carousel.default\">\n\t\t\t\t<div class=\"elementor-widget-container\">\n\t\t\t<style>\/*! elementor - v3.6.6 - 08-06-2022 *\/\n.elementor-widget-image-carousel .swiper-container{position:static}.elementor-widget-image-carousel .swiper-container .swiper-slide figure{line-height:inherit}.elementor-widget-image-carousel .swiper-slide{text-align:center}.elementor-image-carousel-wrapper:not(.swiper-container-initialized) .swiper-slide{max-width:calc(100% \/ var(--e-image-carousel-slides-to-show, 3))}<\/style>\t\t<div class=\"elementor-image-carousel-wrapper swiper-container\" dir=\"ltr\">\n\t\t\t<div class=\"elementor-image-carousel swiper-wrapper\">\n\t\t\t\t\t\t\t\t<div class=\"swiper-slide\"><figure class=\"swiper-slide-inner\"><img decoding=\"async\" class=\"swiper-slide-image\" src=\"https:\/\/www.perspicio.cz\/wp-content\/uploads\/2022\/08\/clovek-v-tisni-pr-150x150.png\" alt=\"clovek v tisni pr\" \/><\/figure><\/div><div class=\"swiper-slide\"><figure class=\"swiper-slide-inner\"><img decoding=\"async\" class=\"swiper-slide-image\" src=\"https:\/\/www.perspicio.cz\/wp-content\/uploads\/2022\/08\/nadace-tipsport-pr-150x150.png\" alt=\"nadace tipsport pr\" \/><\/figure><\/div><div class=\"swiper-slide\"><figure class=\"swiper-slide-inner\"><img decoding=\"async\" class=\"swiper-slide-image\" src=\"https:\/\/www.perspicio.cz\/wp-content\/uploads\/2022\/08\/metropole-prnove-150x150.png\" alt=\"metropole prnove\" \/><\/figure><\/div>\t\t\t<\/div>\n\t\t\t\t\t\t\t\t\t\t\t\t<div class=\"swiper-pagination\"><\/div>\n\t\t\t\t\t\t\t\t\t\t\t\t\t<div class=\"elementor-swiper-button elementor-swiper-button-prev\">\n\t\t\t\t\t\t<i aria-hidden=\"true\" class=\"eicon-chevron-left\"><\/i>\t\t\t\t\t\t<span class=\"elementor-screen-only\">P\u0159edchoz\u00ed<\/span>\n\t\t\t\t\t<\/div>\n\t\t\t\t\t<div class=\"elementor-swiper-button elementor-swiper-button-next\">\n\t\t\t\t\t\t<i aria-hidden=\"true\" class=\"eicon-chevron-right\"><\/i>\t\t\t\t\t\t<span class=\"elementor-screen-only\">Dal\u0161\u00ed<\/span>\n\t\t\t\t\t<\/div>\n\t\t\t\t\t\t\t\t\t<\/div>\n\t\t\t\t<\/div>\n\t\t\t\t<\/div>\n\t\t\t\t<div class=\"elementor-element elementor-element-b35d147 elementor-widget elementor-widget-text-editor\" data-id=\"b35d147\" data-element_type=\"widget\" data-widget_type=\"text-editor.default\">\n\t\t\t\t<div class=\"elementor-widget-container\">\n\t\t\t\t\t\t\t\t\t\t\t\t\t<\/div>\n\t\t\t\t<\/div>\n\t\t\t\t\t<\/div>\n\t\t<\/div>\n\t\t\t\t\t\t\t<\/div>\n\t\t<\/section>\n\t\t\t\t\t\t\t<\/div>\n\t\t","protected":false},"excerpt":{"rendered":"<p>Adapta\u010dn\u00ed centrum pro ukrajinsk\u00e9 d\u011bti Tento projekt prob\u00edh\u00e1 d\u00edky n\u011bkolika subjekt\u016fm, bez kter\u00fdch by to prost\u011b ne\u0161lo. Na\u0161i \u010dlenov\u00e9 spolku odvedli a st\u00e1le odv\u00e1d\u011bj\u00ed spousty pr\u00e1ce, aby byl projekt \u017eivotaschopn\u00fd a to bez n\u00e1rok\u016f na honor\u00e1\u0159. Tak\u017ee prvn\u00ed pod\u011bkov\u00e1n\u00ed pat\u0159\u00ed jim. A to druh\u00e9 je pro na\u0161e partnery a sponzory.\u00a0 D\u011bkujeme \u010clov\u011bku v t\u00edsni, na\u0161emu [&hellip;]<\/p>\n","protected":false},"author":2,"featured_media":0,"parent":0,"menu_order":0,"comment_status":"closed","ping_status":"closed","template":"","meta":{"footnotes":""},"class_list":["post-649","page","type-page","status-publish","hentry"],"_links":{"self":[{"href":"https:\/\/www.perspicio.cz\/index.php?rest_route=\/wp\/v2\/pages\/649","targetHints":{"allow":["GET"]}}],"collection":[{"href":"https:\/\/www.perspicio.cz\/index.php?rest_route=\/wp\/v2\/pages"}],"about":[{"href":"https:\/\/www.perspicio.cz\/index.php?rest_route=\/wp\/v2\/types\/page"}],"author":[{"embeddable":true,"href":"https:\/\/www.perspicio.cz\/index.php?rest_route=\/wp\/v2\/users\/2"}],"replies":[{"embeddable":true,"href":"https:\/\/www.perspicio.cz\/index.php?rest_route=%2Fwp%2Fv2%2Fcomments&post=649"}],"version-history":[{"count":36,"href":"https:\/\/www.perspicio.cz\/index.php?rest_route=\/wp\/v2\/pages\/649\/revisions"}],"predecessor-version":[{"id":696,"href":"https:\/\/www.perspicio.cz\/index.php?rest_route=\/wp\/v2\/pages\/649\/revisions\/696"}],"wp:attachment":[{"href":"https:\/\/www.perspicio.cz\/index.php?rest_route=%2Fwp%2Fv2%2Fmedia&parent=649"}],"curies":[{"name":"wp","href":"https:\/\/api.w.org\/{rel}","templated":true}]}}